 9, what is -4 + 4558?
4554
In base 12, what is 215 - -4?
219
In base 3, what is 1201 - -21?
1222
In base 15, what is 19 - -9?
23
In base 16, what is 2 + 12?
14
In base 5, what is -1321 - 0?
-1321
In base 11, what is 9 + -399?
-390
In base 13, what is 20 - 126?
-106
In base 5, what is 4 + 302?
311
In base 16, what is 1dc - 0?
1dc
In base 12, what is -14 + 6a?
56
In base 13, what is c - -21?
30
In base 8, what is -4 - 476?
-502
In base 3, what is 22102112 + 0?
22102112
In base 16, what is -4d7 + -2?
-4d9
In base 10, what is 554 + -26?
528
In base 15, what is -4 - 20?
-24
In base 9, what is -3 - 74?
-77
In base 9, what is 0 + -5531?
-5531
In base 2, what is 11 - -10000?
10011
In base 3, what is 11112 - -22?
11211
In base 15, what is bb4 - -3?
bb7
In base 3, what is 10 + -1012020?
-1012010
In base 7, what is 31 - -131?
162
In base 12, what is -5 - 8b9?
-902
In base 9, what is -43 + -13?
-56
In base 10, what is 586 + -2?
584
In base 10, what is 7 + -145?
-138
In base 14, what is -5b - -a?
-51
In base 6, what is 0 - 15332?
-15332
In base 10, what is 496 + -1?
495
In base 7, what is 255 - -2?
260
In base 13, what is -24 - -280?
259
In base 14, what is -b4 + 22?
-92
In base 8, what is -173 + -3?
-176
In base 14, what is -6a + -2?
-6c
In base 10, what is 3 + -89?
-86
In base 15, what is 14 - -7?
1b
In base 2, what is 110010 - 1001101?
-11011
In base 3, what is 12 - -1021?
1110
In base 7, what is 33 - -503?
536
In base 11, what is 377 + -4?
373
In base 4, what is 13 + 111201?
111220
In base 8, what is -5 - -411?
404
In base 13, what is 2 - 14?
-12
In base 2, what is 1011110 - -11?
1100001
In base 12, what is 1 + 130?
131
In base 16, what is 36 + -123?
-ed
In base 10, what is -1899 - 1?
-1900
In base 14, what is 1b + 5?
22
In base 4, what is -13200 + -1?
-13201
In base 5, what is -131 + -10?
-141
In base 3, what is 10211 + -2?
10202
In base 12, what is -1 - -551?
550
In base 11, what is -3 - 49?
-51
In base 10, what is -69 - 17?
-86
In base 3, what is 2 - 1012?
-1010
In base 16, what is -39f + 6?
-399
In base 4, what is -100 - 13?
-113
In base 8, what is 1606 - 2?
1604
In base 3, what is 2221000 - 2?
2220221
In base 14, what is -c + 13?
5
In base 15, what is 2 - ad?
-ab
In base 8, what is 2 - 73?
-71
In base 3, what is 2 - 20?
-11
In base 3, what is -12001210 - -21?
-12001112
In base 12, what is -150 - -72?
-9a
In base 4, what is 12 + -23313?
-23301
In base 12, what is -208b + -5?
-2094
In base 12, what is 53 + -105?
-72
In base 4, what is 1030 + 3?
1033
In base 7, what is 2466 + -5?
2461
In base 15, what is 5 + c6?
cb
In base 7, what is -11 - -3?
-5
In base 4, what is 3 - -13033?
13102
In base 11, what is 4 - 46?
-42
In base 2, what is 0 + 1100?
1100
In base 14, what is 4230 + -3?
422b
In base 14, what is 5c - 1?
5b
In base 11, what is 1368 - 5?
1363
In base 13, what is 107 - 0?
107
In base 16, what is 11 - 2ff?
-2ee
In base 9, what is -6403 - -4?
-6388
In base 7, what is -513 + -5?
-521
In base 2, what is 100110010101 - 101?
100110010000
In base 12, what is -4 + 12?
a
In base 13, what is -1c8 - -4?
-1c4
In base 3, what is 1 - -221210?
221211
In base 3, what is -1201 - 2212?
-11120
In base 6, what is -3011 - 1?
-3012
In base 12, what is 19 + -102?
-a5
In base 4, what is -1222 + -10?
-1232
In base 8, what is 2 + 212?
214
In base 7, what is -41 + 11?
-30
In base 5, what is -2 - -103?
101
In base 14, what is b + -6?
5
In base 14, what is 88 - 5?
83
In base 10, what is -9 - 131?
-140
In base 4, what is 130 + 11332?
12122
In base 15, what is -11 - -22?
11
In base 11, what is 137 + -4?
133
In base 2, what is 0 + -111011000100?
-111011000100
In base 4, what is 21012 + -1?
21011
In base 6, what is 23 - 30?
-3
In base 5, what is 13232 + 4?
13241
In base 12, what is 4 - -7a?
82
In base 8, what is -1354 + -11?
-1365
In base 14, what is -113 - -3?
-110
In base 14, what is -28 + -a?
-34
In base 6, what is -12005 - 2?
-12011
In base 9, what is -16863 + -2?
-16865
In base 9, what is -13732 + 5?
-13726
In base 5, what is 1000 - -2?
1002
In base 10, what is -14 - -3?
-11
In base 6, what is -1132 - 0?
-1132
In base 8, what is 10157 + -4?
10153
In base 5, what is 12120 - 10?
12110
In base 9, what is 3478 - -5?
3484
In base 10, what is 2 - -34?
36
In base 13, what is 8c - -1?
90
In base 14, what is 31 - 1?
30
In base 3, what is 22120 + -11?
22102
In base 13, what is -3 - -8?
5
In base 6, what is -4 + 10?
2
In base 12, what is 19157 + 4?
1915b
In base 16, what is -3 + ffc?
ff9
In base 11, what is 8 - 14?
-7
In base 16, what is 4 + 51?
55
In base 8, what is -11312 - 5?
-11317
In base 11, what is 6 + a2?
a8
In base 13, what is 16 + 7?
20
In base 9, what is 23 + 145?
168
In base 16, what is -d0 - -10?
-c0
In base 5, what is 1004311 - 4?
1004302
In base 13, what is -b - -38?
2a
In base 9, what is -5 + -3414?
-3420
In base 12, what is 2 - 4?
-2
In base 11, what is -2 + 1014?
1012
In base 12, what is -316 - 3?
-319
In base 7, what is 121 + 4?
125
In base 14, what is dd60 - 3?
dd5b
In base 4, what is 10 + 111?
121
In base 15, what is 3 + 9?
c
In base 16, what is -205 - 0?
-205
In base 2, what is -10000000111 + 1?
-10000000110
In base 6, what is 4 - -44?
52
In base 2, what is 0 + -10100011001?
-10100011001
In base 5, what is 0 + -12013?
-12013
In base 2, what is 10010110110 - -11?
10010111001
In base 8, what is -1 + 602?
601
In base 16, what is -2 + 48?
46
In base 16, what is 292 + -5?
28d
In base 4, what is 1333 - -21?
2020
In base 3, what is -10 - 21221?
-22001
In base 8, what is -5 + 1037?
1032
In base 15, what is -7 + 401?
3e9
In base 3, what is 12110 - 0?
12110
In base 12, what is -880 + -8?
-888
In base 11, what is 17 - -97?
103
In base 2, what is 1111001111011 + 0?
1111001111011
In base 7, what is -36 + -15?
-54
In base 6, what is 244 + -2?
242
In base 15, what is 265 - c?
258
In base 3, what is -22 + 2120?
2021
In base 2, what is 1011001000 + 0?
1011001000
In base 10, what is 244 + -2?
242
In base 15, what is -14d1 - 2?
-14d3
In base 12, what is 2 - -166a?
1670
In base 4, what is -31003 - 0?
-31003
In base 7, what is 1544 + 12?
1556
In base 15, what is -8a + 47?
-43
In base 12, what is -694 - -8?
-688
In base 4, what is -10311 - -213?
-10032
In base 12, what is 2b9 + 0?
2b9
In base 10, what is 31 + 3?
34
In base 8, what is 3064 + 1?
3065
In base 5, what is -1144 + -3?
-1202
In base 8, what is 0 + -34?
-34
In base 10, what is -4 - -1564?
1560
In base 10, what is -1608 + -2?
-1610
In base 15, what is 5 - -245?
24a
In base 6, what is -12500 - -3?
-12453
In base 14, what is 5 - -4?
9
In base 15, what is 5e5 - 1?
5e4
In base 3, what is 22 - -2001?
2100
In base 2, what is 1001011111 + 10?
1001100001
In base 10, what is 0 - 23?
-23
In base 6, what is -35 + 51?
12
In base 16, what is 6 - 12?
-c
In base 4, what is 0 - 2010?
-2010
In base 11, what is 3 - -25?
28
In base 3, what is -1 + -2212?
-2220
In base 14, what is 14 + 418?
42c
In base 9, what is -47 - 2?
-50
In base 3, what is -21202 + 110?
-21022
In base 16, what is -78 - -3?
-75
In base 11, what is -2349 - -4?
-2345
In base 8, what is 5 + -226?
-221
In base 2, what is -1001 + -111100?
-1000101
In base 8, what is -130 + 11?
-117
In base 4, what is 3 - 3321?
-3312
In base 6, what is 15103 - 1?
15102
In base 11, what is -15 + 271?
257
In base 14, what is dcc - -5?
dd3
In base 11, what is 1 - 282?
-281
In base 13, what is -392 - 5?
-397
In base 9, what is -212 - 7?
-220
In base 11, what is -312 - -3?
-30a
In base 16, what is -4 + f0?
ec
In base 11, what is 4 - -19?
22
In base 8, what is 111 + 6?
117
In base 5, what is 1022 - -4?
1031
In base 7, what is -3 + -3311?
-3314
In base 7, what is -136 - 55?
-224
In base 3, what is 0 - -10202210?
10202210
In base 11, what is 10 - -33?
43
In base 6, what is 45401 - 0?
45401
In base 4, what is -2312 - -1?
-2311
In base 2, what is -100010100011 + 0?
-100010100011
In base 6, what is -5 + 1443?
1434
In base 10, what is 2 - 1?
1
In base 8, what is -1 + -117?
-120
In base 10, what is -31 - -36?
5
In base 12, what is -4 - -1b?
17
In base 8, what is 4 - -43?
47
In base 10, what is -442 + 3?
-439
In base 4, what is 2020110 + -3?
2020101
In base 3, what is 11 + 10100012?
10100100
In base 4, what is 0 - -31?
31
In base 15, what is -49 - -5?
-44
In base 7, what is 0 + 10?
10
In base 9, what is -8